0136 (base 14) in base 16?
-5dd94
What is 10a386 (base 13) in base 3?
202000022011
Convert -345300 (base 9) to base 10.
-207279
Convert 30505154 (base 7) to base 10.
2556467
-1798299 (base 10) to base 16
-1b709b
-2003082 (base 10) to base 6
-110533310
Convert -201211121201 (base 3) to base 7.
-3214246
-cc68 (base 16) to base 5
-3133303
Convert -361b78 (base 14) to base 9.
-3427275
Convert -2100252 (base 6) to base 3.
-12010210212
18008 (base 13) to base 12
22855
What is -2014441 (base 7) in base 10?
-239296
What is -372b0 (base 15) in base 11?
-110355
What is -233348 (base 13) in base 3?
-1120102222202
-215205 (base 8) to base 9
-120181
1134021 (base 8) to base 9
521207
Convert 115242100 (base 7) to base 16.
6e2d3e
-148978 (base 12) to base 15
-6cc28
-5993284 (base 11) to base 2
-100111110101101001100000
What is 2523731 (base 10) in base 11?
1474131
543524 (base 7) to base 15
1d1db
What is a1286a (base 13) in base 14?
6d7901
What is 771713 (base 8) in base 6?
5315055
10111100100100011 (base 2) to base 5
11042142
Convert 16472 (base 16) to base 11.
62615
Convert -33743 (base 15) to base 10.
-163638
What is -223012302 (base 4) in base 2?
-101011000110110010
What is 13c320 (base 14) in base 8?
2475030
-31a28 (base 13) to base 16
-15e04
Convert 110021012210 (base 3) to base 12.
b7893
What is 535520 (base 10) in base 12?
219aa8
What is 14243780 (base 9) in base 8?
32725035
What is -890a5 (base 15) in base 6?
-13200202
Convert -2534510 (base 9) to base 16.
-151314
Convert 2123321010 (base 4) to base 8.
2337104
Convert 740168 (base 9) to base 8.
1532662
Convert -2150011 (base 6) to base 16.
-1a437
What is 7757673 (base 8) in base 16?
1fdfbb
-1326461 (base 9) to base 7
-6113653
Convert 337abb0 (base 12) to base 2.
100101101001010100110100
Convert -3144041101 (base 5) to base 4.
-121102011003
What is 4b8d03 (base 14) in base 7?
31041303
2145761 (base 8) to base 11
364149
Convert -4023670 (base 8) to base 9.
-1883282
-131727 (base 14) to base 9
-1211477
What is 6a857 (base 13) in base 3?
100220011100
What is 2100102101 (base 3) in base 5?
2434414
456645 (base 7) to base 9
133856
Convert 202220122022 (base 3) to base 5.
101132443
100110111110110 (base 2) to base 3
1000101012
Convert 183c83 (base 13) to base 10.
608507
-200200103321 (base 4) to base 15
-b34ad8
What is c2b558 (base 14) in base 16?
6420aa
What is 222223 (base 10) in base 3?
102021211111
Convert -233233310 (base 5) to base 6.
-34542412
Convert 4300373 (base 8) to base 10.
1147131
-100111010101000001010 (base 2) to base 11
-800259
-171219 (base 10) to base 7
-1312116
What is 454055 (base 7) in base 14?
21565
34230324 (base 5) to base 7
2410321
What is 109aa7 (base 12) in base 6?
5411131
What is 324c (base 13) in base 3?
100121000
269b7 (base 14) to base 3
11211121201
What is e62c5 (base 15) in base 7?
6126134
Convert -431311 (base 7) to base 6.
-1334521
4362764 (base 8) to base 6
41050244
What is 47c8c (base 16) in base 4?
1013302030
What is -399224 (base 10) in base 6?
-12320132
303ba5 (base 13) to base 7
12353330
What is -2ab65 (base 15) in base 8?
-414542
Convert -100111000000100 (base 2) to base 10.
-19972
Convert -210110111 (base 4) to base 6.
-3104405
What is 127118 (base 12) in base 2?
1001001110111100100
What is -9812408 (base 10) in base 5?
-10002444113
Convert 189459 (base 13) to base 3.
1011111220020
Convert -1000010010011100100110 (base 2) to base 8.
-10223446
4213011012 (base 5) to base 2
100001010000110010010011
What is -42113454 (base 6) in base 4?
-10222210222
Convert 10120216 (base 8) to base 16.
20a08e
12462663 (base 8) to base 15
39d417
Convert 216366 (base 9) to base 14.
351c4
What is 14cc0d (base 14) in base 5?
141224111
What is -2044031331 (base 5) in base 13?
-b6c82a
23112141 (base 5) to base 15
415b6
What is 75165 (base 11) in base 9?
175872
What is 98b91a (base 13) in base 15?
4b0676
360de (base 16) to base 5
24041111
What is 100212011101 (base 3) in base 7?
1435456
Convert -920428 (base 11) to base 3.
-2210011011020
-21620712 (base 8) to base 7
-54423660
What is 42211443 (base 5) in base 7?
2660645
-23363024 (base 7) to base 6
-112140215
Convert 11212013 (base 9) to base 4.
110300100123
What is 327194 (base 11) in base 10?
521976
What is -11e7a6 (base 15) in base 5?
-204441411
Convert -1001000100010101100100 (base 2) to base 16.
-244564
Convert 1101747 (base 10) to base 9.
2058273
Convert -323741 (base 8) to base 10.
-108513
603346 (base 8) to base 2
110000011011100110
-4ac77 (base 15) to base 11
-15367a
What is -88328 (base 11) in base 8?
-372251
What is -4021134 (base 9) in base 15?
-2c3ed7
Convert -54075 (base 10) to base 3.
-2202011210
Convert 201220200122 (base 4) to base 12.
2b522a2
Convert -7886303 (base 11) to base 5.
-12014033230
233992 (base 10) to base 13
82675
Convert -101011001011000000 (base 2) to base 6.
-3442400
What is 10246617 (base 8) in base 12?
893067
What is 122255103 (base 6) in base 9?
4380673
What is 3022331 (base 5) in base 8?
136522
Convert -35343010 (base 6) to base 9.
-2060006
Convert -11e81a (base 16) to base 7.
-12655241
What is 185c9 (base 14) in base 13?
22009
What is 865897 (base 14) in base 10?
4548509
Convert c25c4 (base 13) to base 2.
1010100111111100011
What is -1411 (base 6) in base 4?
-11233
What is cdd5b (base 14) in base 4?
1321321131
What is -12343614 (base 7) in base 3?
-2002220121220
8b918 (base 12) to base 9
313382
What is -225444350 (base 6) in base 13?
-b38cc8
711933 (base 15) to base 4
110133130302
Convert 4395c (base 14) to base 16.
27f9e
Convert -23331210 (base 4) to base 7.
-262563
-101ba64 (base 12) to base 3
-12200210121011
What is -23201020 (base 5) in base 6?
-4253542
What is -21a010 (base 11) in base 2?
-1010101011101110000
Convert 111c13 (base 13) to base 8.
1425177
What is 41222432 (base 6) in base 13?
326588
3411124 (base 5) to base 4
32230010
11210100101120 (base 3) to base 2
1001101101100100100001
What is 2607680 (base 9) in base 4?
11123113311
13857850 (base 9) to base 2
11010010001101101011101
Convert -414334120 (base 5) to base 16.
-1a2ade
200431440 (base 7) to base 6
1052421000
Convert 525381 (base 9) to base 3.
120212102201
What is -2012301 (base 5) in base 12?
-16775
What is -128c8 (base 13) in base 8?
-103247
Convert 2212330 (base 5) to base 14.
10037
Convert 6fbf76 (base 16) to base 10.
7323510
-134dea (base 16) to base 13
-353ac9
Convert 111452 (base 7) to base 15.
5cde
Convert -1020101012010 (base 3) to base 8.
-2403107
Convert -20000111002000 (base 3) to base 9.
-6014060
Convert -11011001100001011001101 (base 2) to base 15.
-95bddc
Convert 33120000 (base 4) to base 7.
351414
What is 3357d9 (base 14) in base 4?
12221302003
What is 101010110011111001100 (base 2) in base 7?
14631610
13102435 (base 6) to base 9
722435
What is 224554 (base 11) in base 12?
152990
-362150 (base 8) to base 9
-208086
Convert -2b208 (base 12) to base 9.
-102328
Convert c1a7 (base 13) to base 7.
140520
What is -211201021021 (base 3) in base 8?
-1551141
Convert 5236606 (base 7) to base 15.
c714a
266767 (base 11) to base 10
418854
What is -1138 (base 13) in base 8?
-4555
105555310 (base 6) to base 9
3615766
Convert 11f22 (base 16) to base 4.
101330202
What is 10000011111111100000110 (base 2) in base 3?
22010201221212
What is 1213130003 (base 4) in base 7?
3413141
What is -1021264 (base 7) in base 2?
-11110000000111010
-2000121133 (base 4) to base 8
-2003137
130202333 (base 5) to base 7
5240244
What is 4022421 (base 6) in base 11?
11a670
16557c7 (base 14) to base 9
22560480
3b7183 (base 12) to base 4
3300330303
-706066 (base 11) to base 10
-1135415
Convert -544520 (base 13) to base 16.
-1e37d0
-397210 (base 11) to base 10
-624492
What is 6552807 (base 10) in base 2?
11000111111110011100111
What is -3230014 (base 8) in base 13?
-243502
What is -3552210 (base 7) in base 2?
-1101101110011110010
1072516 (base 9) to base 7
4631523
-245296 (base 11) to base 14
-a13c8
Convert 3415104 (base 7) to base 8.
1474630
What is -5710666 (base 9) in base 8?
-13573027
Convert -23025 (base 10) to base 4.
-11213301
204c41 (base 14) to base 13
2c18ca
Convert 715771 (base 12) to base 6.
101553021
What is 370407 (base 10) in base 8?
1323347
Convert -10110000100111010 (base 2) to base 12.
-443b6
Convert 9a7b1b (base 14) to base 5.
2320332330
Co